268933210 and 56.
14
What is the highest common factor of 30547 and 567369?
11
Calculate the highest common divisor of 99037 and 416568.
1021
Calculate the highest common divisor of 390 and 555864335.
65
Calculate the highest common factor of 533069 and 187.
17
What is the greatest common divisor of 28731 and 2751111?
471
Calculate the highest common divisor of 1364971259 and 34.
17
Calculate the greatest common divisor of 23022 and 9802256.
2558
Calculate the greatest common factor of 508 and 466312250.
254
Calculate the greatest common factor of 2983 and 94212089.
2983
Calculate the highest common factor of 44137 and 780482.
437
What is the greatest common divisor of 3600 and 2960715?
15
Calculate the greatest common factor of 11017059 and 279.
93
Calculate the greatest common divisor of 44 and 18214999.
11
What is the highest common factor of 3696 and 273613494?
462
Calculate the greatest common factor of 3386435 and 565.
5
Calculate the highest common factor of 3054285 and 387504.
2691
What is the greatest common factor of 4461111 and 117?
9
Calculate the greatest common divisor of 1731942 and 162.
162
What is the highest common factor of 84 and 35029308?
12
What is the greatest common factor of 1680 and 463568?
112
What is the greatest common factor of 163521015 and 60?
15
Calculate the greatest common factor of 4266 and 1008672.
474
Calculate the highest common factor of 17541461 and 392.
49
Calculate the greatest common factor of 21 and 69229839.
21
What is the highest common divisor of 25333 and 122999?
47
Calculate the greatest common divisor of 268242 and 5226.
78
What is the highest common factor of 3400041 and 16687?
37
What is the greatest common factor of 261 and 1210460?
29
What is the highest common factor of 26611433 and 2989?
61
What is the greatest common factor of 173688 and 39651523?
7237
Calculate the highest common divisor of 2509 and 241280.
13
Calculate the greatest common factor of 10858416 and 48.
48
Calculate the highest common factor of 4912081 and 2.
1
Calculate the highest common factor of 3538 and 10230127.
1769
Calculate the highest common factor of 104218 and 3698278.
974
What is the highest common factor of 262071 and 203046?
2361
Calculate the highest common divisor of 820 and 44483360.
820
Calculate the highest common factor of 6328 and 580820.
452
Calculate the highest common factor of 42250 and 1329210350.
8450
Calculate the greatest common divisor of 103514 and 84242.
146
What is the highest common divisor of 17235389 and 989?
43
What is the highest common factor of 1717 and 928217?
17
Calculate the greatest common factor of 1548 and 811953.
9
What is the highest common factor of 558845364 and 168?
84
What is the greatest common factor of 63 and 6202881?
9
What is the greatest common factor of 25743352 and 2360?
472
Calculate the highest common factor of 26746814 and 85.
17
What is the greatest common divisor of 433173 and 234779?
383
Calculate the highest common divisor of 74815872 and 112746.
5934
Calculate the highest common divisor of 274362 and 6468.
66
What is the greatest common factor of 38385 and 810?
45
What is the greatest common divisor of 53872 and 14261835?
259
Calculate the greatest common divisor of 79917 and 87.
3
Calculate the highest common divisor of 49873396 and 404.
404
Calculate the highest common divisor of 2601 and 849045297.
867
Calculate the greatest common factor of 669472 and 10.
2
What is the highest common divisor of 4160 and 374000?
80
Calculate the highest common divisor of 2 and 1739233.
1
What is the greatest common factor of 4730 and 248298985?
2365
Calculate the greatest common divisor of 2898848 and 5809.
157
Calculate the greatest common divisor of 975167 and 11138052.
11749
What is the highest common factor of 84822 and 409772?
134
What is the highest common divisor of 177015 and 240?
15
Calculate the greatest common divisor of 15288 and 1112398.
98
Calculate the highest common divisor of 6429 and 31165649.
2143
Calculate the highest common divisor of 1013344 and 668.
4
What is the highest common factor of 197319 and 827577?
51
What is the highest common factor of 588132 and 2068?
4
What is the greatest common factor of 1682883 and 1884?
471
What is the greatest common factor of 25 and 2475395?
5
What is the highest common factor of 10934921 and 2684?
61
What is the highest common factor of 1268183 and 459?
17
Calculate the greatest common divisor of 12251139 and 631576.
7177
Calculate the highest common divisor of 17754 and 988714342.
5918
What is the greatest common factor of 13967 and 4?
1
Calculate the highest common factor of 956915 and 105975.
785
What is the greatest common factor of 32272205 and 511?
511
What is the greatest common factor of 71214 and 337194?
858
Calculate the highest common factor of 1902 and 344896.
634
What is the highest common divisor of 11360 and 1244630?
710
Calculate the highest common factor of 2058 and 1935892.
686
Calculate the greatest common factor of 2028 and 492792.
12
What is the greatest common factor of 16200 and 38530?
10
What is the highest common factor of 804 and 29549814?
402
Calculate the greatest common factor of 274439 and 2376.
11
What is the highest common factor of 77 and 40543349?
77
Calculate the highest common divisor of 152032 and 776.
8
What is the greatest common factor of 1833 and 1284777?
39
What is the highest common divisor of 4608 and 17694?
18
What is the greatest common divisor of 2469143 and 19598?
41
Calculate the highest common divisor of 409400 and 2930200.
4600
What is the highest common divisor of 1248 and 14937312?
1248
Calculate the greatest common divisor of 16842 and 3458.
14
What is the greatest common divisor of 956 and 11172533?
239
What is the greatest common divisor of 942 and 204996156?
942
What is the highest common divisor of 5415 and 726655?
95
What is the highest common factor of 118033903 and 26?
13
Calculate the greatest common divisor of 57 and 1079359353.
57
Calculate the highest common divisor of 2166 and 6264984.
114
What is the highest common divisor of 1518 and 2512658?
46
What is the highest common factor of 227 and 84087837?
227
Calculate the greatest common divisor of 19187630 and 770.
770
Calculate the highest common divisor of 797254239 and 201.
201
What is the greatest common factor of 5533 and 1831555?
11
Calculate the highest common factor of 85248 and 30456.
72
What is the greatest common divisor of 3958532 and 2528?
316
What is the highest common factor of 18351835 and 584?
73
Calculate the greatest common factor of 8675432 and 336.
8
Calculate the highest common factor of 104 and 3184758824.
104
What is the greatest common divisor of 103116 and 457444?
52
Calculate the greatest common factor of 5830182 and 1467.
9
Calculate the highest common factor of 11401 and 19812.
13
Calculate the highest common divisor of 33185220 and 204.
12
What is the greatest common divisor of 17 and 107581933?
17
What is the highest common factor of 134901450 and 1944?
486
Calculate the highest common factor of 1881541559 and 31.
31
Calculate the highest common factor of 345932 and 1170574.
394
Calculate the highest common factor of 1096237440 and 180.
180
Calculate the highest common factor of 155 and 545042.
31
What is the highest common factor of 142290 and 318203127?
14229
Calculate the highest common factor of 63489027 and 14.
7
What is the greatest common divisor of 878 and 147905246?
878
What is the greatest common factor of 100127934 and 864?
54
Calculate the highest common divisor of 38667582 and 72.
18
What is the greatest common divisor of 3230296 and 8?
8
Calculate the greatest common divisor of 309359592 and 54.
18
What is the highest common factor of 323280 and 890?
10
Calculate the greatest common factor of 4 and 7489886.
2
Calculate the greatest common factor of 8082 and 1061885.
449
What is the greatest common divisor of 3155355 and 1113?
1113
What is the greatest common divisor of 298 and 5366235?
149
What is the highest common factor of 2005495 and 1073?
29
Calculate the highest common factor of 23652 and 16376.
4
What is the highest common divisor of 399665 and 945?
35
Calculate the highest common divisor of 886488 and 3324072.
1032
Calculate the greatest com